{"id":16,"date":"2021-11-21T15:14:44","date_gmt":"2021-11-21T15:14:44","guid":{"rendered":"https:\/\/bioexplor.eu\/index.php\/contact\/"},"modified":"2026-01-12T13:57:04","modified_gmt":"2026-01-12T13:57:04","slug":"contact","status":"publish","type":"page","link":"https:\/\/bioexplor.eu\/index.php\/contact\/","title":{"rendered":"Publications"},"content":{"rendered":"\t\t<div data-elementor-type=\"wp-page\" data-elementor-id=\"16\" class=\"elementor elementor-16\">\n\t\t\t\t\t\t\t\t\t<section class=\"elementor-section elementor-top-section elementor-element elementor-element-81e2c1b elementor-section-height-min-height elementor-section-boxed elementor-section-height-default elementor-section-items-middle\" data-id=\"81e2c1b\" data-element_type=\"section\" data-settings=\"{&quot;background_background&quot;:&quot;classic&quot;}\">\n\t\t\t\t\t\t<div class=\"elementor-container elementor-column-gap-default\">\n\t\t\t\t\t<div class=\"elementor-column elementor-col-100 elementor-top-column elementor-element elementor-element-51920c1\" data-id=\"51920c1\" data-element_type=\"column\">\n\t\t\t<div class=\"elementor-widget-wrap elementor-element-populated\">\n\t\t\t\t\t\t\t\t<div class=\"elementor-element elementor-element-ebcecc7 elementor-widget elementor-widget-heading\" data-id=\"ebcecc7\" data-element_type=\"widget\" data-widget_type=\"heading.default\">\n\t\t\t\t<div class=\"elementor-widget-container\">\n\t\t\t<style>\/*! elementor - v3.9.1 - 14-12-2022 *\/\n.elementor-heading-title{padding:0;margin:0;line-height:1}.elementor-widget-heading .elementor-heading-title[class*=elementor-size-]>a{color:inherit;font-size:inherit;line-height:inherit}.elementor-widget-heading .elementor-heading-title.elementor-size-small{font-size:15px}.elementor-widget-heading .elementor-heading-title.elementor-size-medium{font-size:19px}.elementor-widget-heading .elementor-heading-title.elementor-size-large{font-size:29px}.elementor-widget-heading .elementor-heading-title.elementor-size-xl{font-size:39px}.elementor-widget-heading .elementor-heading-title.elementor-size-xxl{font-size:59px}<\/style><h1 class=\"elementor-heading-title elementor-size-default\"><br><br><br><br><br><br><b><i>BioExplor outcomes<\/i><\/b><\/h1>\t\t<\/div>\n\t\t\t\t<\/div>\n\t\t\t\t\t<\/div>\n\t\t<\/div>\n\t\t\t\t\t\t\t<\/div>\n\t\t<\/section>\n\t\t\t\t<section class=\"elementor-section elementor-top-section elementor-element elementor-element-fbb071c elementor-section-boxed elementor-section-height-default elementor-section-height-default\" data-id=\"fbb071c\" data-element_type=\"section\">\n\t\t\t\t\t\t<div class=\"elementor-container elementor-column-gap-default\">\n\t\t\t\t\t<div class=\"elementor-column elementor-col-100 elementor-top-column elementor-element elementor-element-a045896\" data-id=\"a045896\" data-element_type=\"column\">\n\t\t\t<div class=\"elementor-widget-wrap elementor-element-populated\">\n\t\t\t\t\t\t\t\t<section class=\"elementor-section elementor-inner-section elementor-element elementor-element-81c9a6b elementor-section-boxed elementor-section-height-default elementor-section-height-default\" data-id=\"81c9a6b\" data-element_type=\"section\">\n\t\t\t\t\t\t<div class=\"elementor-container elementor-column-gap-default\">\n\t\t\t\t\t<div class=\"elementor-column elementor-col-100 elementor-inner-column elementor-element elementor-element-0cf79d6\" data-id=\"0cf79d6\" data-element_type=\"column\">\n\t\t\t<div class=\"elementor-widget-wrap elementor-element-populated\">\n\t\t\t\t\t\t\t\t<div class=\"elementor-element elementor-element-f0e334f elementor-widget elementor-widget-text-editor\" data-id=\"f0e334f\" data-element_type=\"widget\" data-widget_type=\"text-editor.default\">\n\t\t\t\t<div class=\"elementor-widget-container\">\n\t\t\t<style>\/*! elementor - v3.9.1 - 14-12-2022 *\/\n.elementor-widget-text-editor.elementor-drop-cap-view-stacked .elementor-drop-cap{background-color:#818a91;color:#fff}.elementor-widget-text-editor.elementor-drop-cap-view-framed .elementor-drop-cap{color:#818a91;border:3px solid;background-color:transparent}.elementor-widget-text-editor:not(.elementor-drop-cap-view-default) .elementor-drop-cap{margin-top:8px}.elementor-widget-text-editor:not(.elementor-drop-cap-view-default) .elementor-drop-cap-letter{width:1em;height:1em}.elementor-widget-text-editor .elementor-drop-cap{float:left;text-align:center;line-height:1;font-size:50px}.elementor-widget-text-editor .elementor-drop-cap-letter{display:inline-block}<\/style>\t\t\t\t\t\t\t\t\t\t<\/div>\n\t\t\t\t<\/div>\n\t\t\t\t<div class=\"elementor-element elementor-element-1304166 elementor-widget elementor-widget-heading\" data-id=\"1304166\" data-element_type=\"widget\" data-widget_type=\"heading.default\">\n\t\t\t\t<div class=\"elementor-widget-container\">\n\t\t\t<h2 class=\"elementor-heading-title elementor-size-default\"><a href=\"https:\/\/jbioleng.biomedcentral.com\/articles\/10.1186\/s13036-024-00439-y\"><b><u>Published Research:<\/u><\/b><\/a><\/h2>\t\t<\/div>\n\t\t\t\t<\/div>\n\t\t\t\t\t<\/div>\n\t\t<\/div>\n\t\t\t\t\t\t\t<\/div>\n\t\t<\/section>\n\t\t\t\t<section class=\"elementor-section elementor-inner-section elementor-element elementor-element-2b9d040 elementor-section-boxed elementor-section-height-default elementor-section-height-default\" data-id=\"2b9d040\" data-element_type=\"section\">\n\t\t\t\t\t\t<div class=\"elementor-container elementor-column-gap-default\">\n\t\t\t\t\t<div class=\"elementor-column elementor-col-100 elementor-inner-column elementor-element elementor-element-57cb31a\" data-id=\"57cb31a\" data-element_type=\"column\">\n\t\t\t<div class=\"elementor-widget-wrap elementor-element-populated\">\n\t\t\t\t\t\t\t\t<div class=\"elementor-element elementor-element-3891da9 elementor-widget elementor-widget-heading\" data-id=\"3891da9\" data-element_type=\"widget\" data-widget_type=\"heading.default\">\n\t\t\t\t<div class=\"elementor-widget-container\">\n\t\t\t<h2 class=\"elementor-heading-title elementor-size-medium\"><a href=\"https:\/\/jbioleng.biomedcentral.com\/articles\/10.1186\/s13036-024-00439-y\">El-Sayed, E.R., Mousa, S.A., Strza\u0142a, T., Boraty\u0144ski F. Enhancing bioprocessing of red pigment from immobilized culture of gamma rays mutant of the endophytic fungus <i>Monascus ruber<\/i> SRZ112. Journal of Biological Engineering 18, 44 (2024). https:\/\/doi.org\/10.1186\/s13036-024-00439-y\n<\/a><\/h2>\t\t<\/div>\n\t\t\t\t<\/div>\n\t\t\t\t<div class=\"elementor-element elementor-element-1b63ffe elementor-widget elementor-widget-heading\" data-id=\"1b63ffe\" data-element_type=\"widget\" data-widget_type=\"heading.default\">\n\t\t\t\t<div class=\"elementor-widget-container\">\n\t\t\t<h2 class=\"elementor-heading-title elementor-size-medium\"><a href=\"https:\/\/microbialcellfactories.biomedcentral.com\/articles\/10.1186\/s12934-024-02533-8\">El-Sayed, E.R., El\u2011Sayyad, G.S., Abdel\u2011Fatah, S.S., El\u2011Batal, A.I.,  Boraty\u0144ski F. Novel nanoconjugates of metal oxides and natural red pigment from the endophyte Monascus ruber using solid-state fermentation. Microbial Cell Factories 23, 259 (2024). https:\/\/doi.org\/10.1186\/s12934-024-02533-8\n<\/a><\/h2>\t\t<\/div>\n\t\t\t\t<\/div>\n\t\t\t\t<div class=\"elementor-element elementor-element-d113815 elementor-widget elementor-widget-heading\" data-id=\"d113815\" data-element_type=\"widget\" data-widget_type=\"heading.default\">\n\t\t\t\t<div class=\"elementor-widget-container\">\n\t\t\t<h2 class=\"elementor-heading-title elementor-size-medium\"><a href=\"https:\/\/www.mdpi.com\/1420-3049\/29\/19\/4746\">El-Sayed, E.R., Baskaran, A., Pomara\u0144ska, O., Mykhailova, D., Dunal, A., Dudek, A., Satam, S., Strza\u0142a, T., \u0141yczko, J., Olejniczak, T.,  Boraty\u0144ski, F. Bioprospecting Endophytic Fungi of Forest Plants for Bioactive Metabolites with Antibacterial, Antifungal, and Antioxidant Potentials. Molecules 2024, 29(19), 4746; https:\/\/doi.org\/10.3390\/molecules29194746<\/a><\/h2>\t\t<\/div>\n\t\t\t\t<\/div>\n\t\t\t\t<div class=\"elementor-element elementor-element-81883e2 elementor-widget elementor-widget-heading\" data-id=\"81883e2\" data-element_type=\"widget\" data-widget_type=\"heading.default\">\n\t\t\t\t<div class=\"elementor-widget-container\">\n\t\t\t<h2 class=\"elementor-heading-title elementor-size-medium\"><a href=\"https:\/\/academic.oup.com\/jambio\/article-abstract\/136\/3\/lxaf034\/8011547\">El-Sayed, E.R., Grzelczyk, J., Strza\u0142a, T., Ga\u0142\u0105zka-Czarnecka, I., Budryn, G., Boraty\u0144ski, F. Bioprospecting Endophytic Fungi of Forest Plants for their Monoamine Oxidase A and Cholinesterases Inhibitors, and Peroxisome Proliferator-Activated Receptor Gamma Agonists. Journal of Applied Microbiology, Volume 136, Issue 3, March 2025, lxaf034, https:\/\/doi.org\/10.1093\/jambio\/lxaf034<\/a><\/h2>\t\t<\/div>\n\t\t\t\t<\/div>\n\t\t\t\t<div class=\"elementor-element elementor-element-4af863b elementor-widget elementor-widget-heading\" data-id=\"4af863b\" data-element_type=\"widget\" data-widget_type=\"heading.default\">\n\t\t\t\t<div class=\"elementor-widget-container\">\n\t\t\t<h2 class=\"elementor-heading-title elementor-size-medium\"><a href=\"https:\/\/link.springer.com\/article\/10.1007\/s00284-025-04238-6\">Dudek, A, Pietrzak, P, Benkowska-Biernacka, D., Pruchnik, H., Boraty\u0144ski, F., El-Sayed, E.R. Nanoliposomal Encapsulation of Red, Yellow, and Orange Natural Pigments from Monascus ruber: Characterization, Stability, and Biological Activities. Current Microbiology, 82, 259 (2025). https:\/\/doi.org\/10.1007\/s00284-025-04238-6<\/a><\/h2>\t\t<\/div>\n\t\t\t\t<\/div>\n\t\t\t\t<div class=\"elementor-element elementor-element-7150969 elementor-widget elementor-widget-heading\" data-id=\"7150969\" data-element_type=\"widget\" data-widget_type=\"heading.default\">\n\t\t\t\t<div class=\"elementor-widget-container\">\n\t\t\t<h2 class=\"elementor-heading-title elementor-size-medium\"><a href=\"https:\/\/www.nature.com\/articles\/s41598-025-10372-9\">El-Sayed ER, Kloc M, Kulbacka J, Choroma\u0144ska A, Bielecka M, Strza\u0142a T, \u0141yczkoJ, Boraty\u0144ski F. Bioprospecting Endophytic Fungi of Forest Plants for Bioactive Metabolites with Anticancer Potentials. Scientific Reports, 15, 26423 (2025).<\/a><\/h2>\t\t<\/div>\n\t\t\t\t<\/div>\n\t\t\t\t<div class=\"elementor-element elementor-element-bf0d827 elementor-widget elementor-widget-heading\" data-id=\"bf0d827\" data-element_type=\"widget\" data-widget_type=\"heading.default\">\n\t\t\t\t<div class=\"elementor-widget-container\">\n\t\t\t<h2 class=\"elementor-heading-title elementor-size-medium\"><a href=\"https:\/\/link.springer.com\/article\/10.1186\/s12934-025-02905-8\">Baskaran A., Wasilewicz A., Rollinger J., Grzelczyk J., Ga\u0142\u0105zka-Czarnecka I., Budryn G., Strza\u0142a T., Graf T.N., Oberlies N.H., Boraty\u0144ski F.B., El-Sayed E.R. Natural Pigments from the Endophyte Aspergillus westerdijkiae and Evaluation of their Bioactivities. Microbial Cell Factories (2025). https:\/\/doi.org\/10.1186\/s12934-025-02905-8<\/a><\/h2>\t\t<\/div>\n\t\t\t\t<\/div>\n\t\t\t\t\t<\/div>\n\t\t<\/div>\n\t\t\t\t\t\t\t<\/div>\n\t\t<\/section>\n\t\t\t\t\t<\/div>\n\t\t<\/div>\n\t\t\t\t\t\t\t<\/div>\n\t\t<\/section>\n\t\t\t\t<section class=\"elementor-section elementor-top-section elementor-element elementor-element-72cc987 elementor-section-boxed elementor-section-height-default elementor-section-height-default\" data-id=\"72cc987\" data-element_type=\"section\">\n\t\t\t\t\t\t<div class=\"elementor-container elementor-column-gap-default\">\n\t\t\t\t\t<div class=\"elementor-column elementor-col-100 elementor-top-column elementor-element elementor-element-fd36fba\" data-id=\"fd36fba\" data-element_type=\"column\">\n\t\t\t<div class=\"elementor-widget-wrap elementor-element-populated\">\n\t\t\t\t\t\t\t\t<section class=\"elementor-section elementor-inner-section elementor-element elementor-element-6c7261c elementor-section-boxed elementor-section-height-default elementor-section-height-default\" data-id=\"6c7261c\" data-element_type=\"section\">\n\t\t\t\t\t\t<div class=\"elementor-container elementor-column-gap-default\">\n\t\t\t\t\t<div class=\"elementor-column elementor-col-100 elementor-inner-column elementor-element elementor-element-f44dbec\" data-id=\"f44dbec\" data-element_type=\"column\">\n\t\t\t<div class=\"elementor-widget-wrap elementor-element-populated\">\n\t\t\t\t\t\t\t\t<div class=\"elementor-element elementor-element-fc2886c elementor-widget elementor-widget-text-editor\" data-id=\"fc2886c\" data-element_type=\"widget\" data-widget_type=\"text-editor.default\">\n\t\t\t\t<div class=\"elementor-widget-container\">\n\t\t\t\t\t\t\t\t\t\t\t\t\t<\/div>\n\t\t\t\t<\/div>\n\t\t\t\t<div class=\"elementor-element elementor-element-1365870 elementor-widget elementor-widget-heading\" data-id=\"1365870\" data-element_type=\"widget\" data-widget_type=\"heading.default\">\n\t\t\t\t<div class=\"elementor-widget-container\">\n\t\t\t<h2 class=\"elementor-heading-title elementor-size-default\"><a href=\"https:\/\/jbioleng.biomedcentral.com\/articles\/10.1186\/s13036-024-00439-y\"><b><u>Conferences:<\/u><\/b><\/a><\/h2>\t\t<\/div>\n\t\t\t\t<\/div>\n\t\t\t\t\t<\/div>\n\t\t<\/div>\n\t\t\t\t\t\t\t<\/div>\n\t\t<\/section>\n\t\t\t\t<section class=\"elementor-section elementor-inner-section elementor-element elementor-element-5fc5d44 elementor-section-boxed elementor-section-height-default elementor-section-height-default\" data-id=\"5fc5d44\" data-element_type=\"section\">\n\t\t\t\t\t\t<div class=\"elementor-container elementor-column-gap-default\">\n\t\t\t\t\t<div class=\"elementor-column elementor-col-100 elementor-inner-column elementor-element elementor-element-13852ab\" data-id=\"13852ab\" data-element_type=\"column\">\n\t\t\t<div class=\"elementor-widget-wrap elementor-element-populated\">\n\t\t\t\t\t\t\t\t<div class=\"elementor-element elementor-element-039f265 elementor-widget elementor-widget-heading\" data-id=\"039f265\" data-element_type=\"widget\" data-widget_type=\"heading.default\">\n\t\t\t\t<div class=\"elementor-widget-container\">\n\t\t\t<h2 class=\"elementor-heading-title elementor-size-medium\">El-Sayed ER, Mousa SA, Strza\u0142a T, Boraty\u0144ski F. Enhancing bioprocessing of red pigment from immobilized culture of gamma rays mutant of the endophytic fungus Monascus ruber SRZ112,18th Congress of the International Union of Microbiological Societies (IUMS), 2024, Florence, Italy.<\/h2>\t\t<\/div>\n\t\t\t\t<\/div>\n\t\t\t\t<div class=\"elementor-element elementor-element-5d6a9fd elementor-widget elementor-widget-heading\" data-id=\"5d6a9fd\" data-element_type=\"widget\" data-widget_type=\"heading.default\">\n\t\t\t\t<div class=\"elementor-widget-container\">\n\t\t\t<h2 class=\"elementor-heading-title elementor-size-medium\">Baskaran A, Satam S, Boraty\u0144ski F, El-Sayed ER. Natural Pigments from The Endophytic Aspergillus Westerdijkiae Isolated from MOKRZANSKI Forest Plants, International Conference: Biotechnology\u2013 Research and Industrial Applications (BRIA2024), Wroc\u0142aw, Poland, 2024.<\/h2>\t\t<\/div>\n\t\t\t\t<\/div>\n\t\t\t\t<div class=\"elementor-element elementor-element-2946511 elementor-widget elementor-widget-heading\" data-id=\"2946511\" data-element_type=\"widget\" data-widget_type=\"heading.default\">\n\t\t\t\t<div class=\"elementor-widget-container\">\n\t\t\t<h2 class=\"elementor-heading-title elementor-size-medium\">El-Sayed, E.R. Beyond the BioExplor Project: Scientific and Career Achievements. The Marie Sk\u0142odowska-Curie Actions (MSCA) conference, organized by the Belgian Presidency of the Council of the European Union, Mons (Belgium), 2024.\n<\/h2>\t\t<\/div>\n\t\t\t\t<\/div>\n\t\t\t\t<div class=\"elementor-element elementor-element-9017b76 elementor-widget elementor-widget-heading\" data-id=\"9017b76\" data-element_type=\"widget\" data-widget_type=\"heading.default\">\n\t\t\t\t<div class=\"elementor-widget-container\">\n\t\t\t<h2 class=\"elementor-heading-title elementor-size-medium\">El-Sayed, E.R., Boraty\u0144ski, F. Bioactive Natural Melanin from New Endophytic Fungal Species, European Congress on Biotechnology (ECB2024), Rotterdam, Netherlands, 2024.\n<\/h2>\t\t<\/div>\n\t\t\t\t<\/div>\n\t\t\t\t<div class=\"elementor-element elementor-element-761c77d elementor-widget elementor-widget-heading\" data-id=\"761c77d\" data-element_type=\"widget\" data-widget_type=\"heading.default\">\n\t\t\t\t<div class=\"elementor-widget-container\">\n\t\t\t<h2 class=\"elementor-heading-title elementor-size-medium\">El-Sayed ER, Boraty\u0144ski F, Grzelczykc F, Unlocking Bioactivity of Endophytic Fungi from Mokrza\u0144ski Forest in Wroclaw, Poland. International Congress on Natural Products Research (INCPR2024), KRAK\u00d3W, Poland, 2024.<br><\/h2>\t\t<\/div>\n\t\t\t\t<\/div>\n\t\t\t\t<div class=\"elementor-element elementor-element-a34328a elementor-widget elementor-widget-heading\" data-id=\"a34328a\" data-element_type=\"widget\" data-widget_type=\"heading.default\">\n\t\t\t\t<div class=\"elementor-widget-container\">\n\t\t\t<h2 class=\"elementor-heading-title elementor-size-medium\">El-Sayed, E.R. Unlocking the Power of Endophytic Fungi as Promising Sources of Bioactive Natural Products and Factories of Nanomaterials, 12th International Mycological Congress (IMC12), Maastricht, Netherlands, 2024.<\/h2>\t\t<\/div>\n\t\t\t\t<\/div>\n\t\t\t\t<div class=\"elementor-element elementor-element-1f11c9f elementor-widget elementor-widget-heading\" data-id=\"1f11c9f\" data-element_type=\"widget\" data-widget_type=\"heading.default\">\n\t\t\t\t<div class=\"elementor-widget-container\">\n\t\t\t<h2 class=\"elementor-heading-title elementor-size-medium\">Kloc M, El-Sayed ER, Boraty\u0144ski F, Kulbacka J, Dr\u0105g-Zalesi\u0144ska M, Hadzik I. Anticancer activity of isolated bioactive compounds produced by fungal endophytes from the Mokrza\u0144ski Forest. 5th International Wroclaw Scientific Meeting, Wroc\u0142aw, Poland, 2023. Adv Clin Exp Med. 2023;32 (Special Issue 3).<\/h2>\t\t<\/div>\n\t\t\t\t<\/div>\n\t\t\t\t\t<\/div>\n\t\t<\/div>\n\t\t\t\t\t\t\t<\/div>\n\t\t<\/section>\n\t\t\t\t\t<\/div>\n\t\t<\/div>\n\t\t\t\t\t\t\t<\/div>\n\t\t<\/section>\n\t\t\t\t<section class=\"elementor-section elementor-top-section elementor-element elementor-element-2c29ab1 elementor-section-boxed elementor-section-height-default elementor-section-height-default\" data-id=\"2c29ab1\" data-element_type=\"section\">\n\t\t\t\t\t\t<div class=\"elementor-container elementor-column-gap-default\">\n\t\t\t\t\t<div class=\"elementor-column elementor-col-100 elementor-top-column elementor-element elementor-element-f27790e\" data-id=\"f27790e\" data-element_type=\"column\">\n\t\t\t<div class=\"elementor-widget-wrap elementor-element-populated\">\n\t\t\t\t\t\t\t\t<section class=\"elementor-section elementor-inner-section elementor-element elementor-element-21293df elementor-section-boxed elementor-section-height-default elementor-section-height-default\" data-id=\"21293df\" data-element_type=\"section\">\n\t\t\t\t\t\t<div class=\"elementor-container elementor-column-gap-default\">\n\t\t\t\t\t<div class=\"elementor-column elementor-col-100 elementor-inner-column elementor-element elementor-element-fa0de25\" data-id=\"fa0de25\" data-element_type=\"column\">\n\t\t\t<div class=\"elementor-widget-wrap elementor-element-populated\">\n\t\t\t\t\t\t\t\t<div class=\"elementor-element elementor-element-1635819 elementor-widget elementor-widget-text-editor\" data-id=\"1635819\" data-element_type=\"widget\" data-widget_type=\"text-editor.default\">\n\t\t\t\t<div class=\"elementor-widget-container\">\n\t\t\t\t\t\t\t\t\t\t\t\t\t<\/div>\n\t\t\t\t<\/div>\n\t\t\t\t<div class=\"elementor-element elementor-element-d91f66f elementor-widget elementor-widget-heading\" data-id=\"d91f66f\" data-element_type=\"widget\" data-widget_type=\"heading.default\">\n\t\t\t\t<div class=\"elementor-widget-container\">\n\t\t\t<h2 class=\"elementor-heading-title elementor-size-default\"><a href=\"https:\/\/jbioleng.biomedcentral.com\/articles\/10.1186\/s13036-024-00439-y\"><b><u>Scientific Theses:<\/u><\/b><\/a><\/h2>\t\t<\/div>\n\t\t\t\t<\/div>\n\t\t\t\t\t<\/div>\n\t\t<\/div>\n\t\t\t\t\t\t\t<\/div>\n\t\t<\/section>\n\t\t\t\t<section class=\"elementor-section elementor-inner-section elementor-element elementor-element-e6e4ad7 elementor-section-boxed elementor-section-height-default elementor-section-height-default\" data-id=\"e6e4ad7\" data-element_type=\"section\">\n\t\t\t\t\t\t<div class=\"elementor-container elementor-column-gap-default\">\n\t\t\t\t\t<div class=\"elementor-column elementor-col-100 elementor-inner-column elementor-element elementor-element-d4dda5d\" data-id=\"d4dda5d\" data-element_type=\"column\">\n\t\t\t<div class=\"elementor-widget-wrap elementor-element-populated\">\n\t\t\t\t\t\t\t\t<div class=\"elementor-element elementor-element-3e48261 elementor-widget elementor-widget-heading\" data-id=\"3e48261\" data-element_type=\"widget\" data-widget_type=\"heading.default\">\n\t\t\t\t<div class=\"elementor-widget-container\">\n\t\t\t<h2 class=\"elementor-heading-title elementor-size-medium\"><u><b>Title: <\/b><i style=\"\"><b>Unlocking the Bioactive Potential of Moksza\u0144ski Forest Plants Associated Mycobiome<\/b><\/i><b>.<\/b><br><\/u>\nCandidate: Daria Mykhailova \n<br>\nSupervisor: El-Sayed R. El-Sayed\n<br>Type: MSc \n<br>\nStatus: Defended in 2023. \n<br>\nInstitution: Department of Food Chemistry and Biocatalysis, Faculty of Biotechnology and Food Science, Wroc\u0142aw University of Environmental and Life Sciences, Wroc\u0142aw, Poland.\n<\/h2>\t\t<\/div>\n\t\t\t\t<\/div>\n\t\t\t\t<div class=\"elementor-element elementor-element-b19996b elementor-widget elementor-widget-heading\" data-id=\"b19996b\" data-element_type=\"widget\" data-widget_type=\"heading.default\">\n\t\t\t\t<div class=\"elementor-widget-container\">\n\t\t\t<h2 class=\"elementor-heading-title elementor-size-medium\"><b><u>Title: <i>Exploiting agro-industrial side-streams in the production of aroma compounds and pigments by endophytic fungi<\/i>.\n<\/u><\/b><br>\nCandidate: Abirami Baskaran \n<br>\nSupervisors: Filip Boraty\u0144ski and El-Sayed R. El-Sayed\n<br>\nType: PhD \n<br>\nStatus: Undergoing \n<br>\nInstitution: Department of Food Chemistry and Biocatalysis, Faculty of Biotechnology and Food Science, Wroc\u0142aw University of Environmental and Life Sciences, Wroc\u0142aw, Poland.<\/h2>\t\t<\/div>\n\t\t\t\t<\/div>\n\t\t\t\t\t<\/div>\n\t\t<\/div>\n\t\t\t\t\t\t\t<\/div>\n\t\t<\/section>\n\t\t\t\t\t<\/div>\n\t\t<\/div>\n\t\t\t\t\t\t\t<\/div>\n\t\t<\/section>\n\t\t\t\t\t\t\t<\/div>\n\t\t","protected":false},"excerpt":{"rendered":"<p>BioExplor outcomes Published Research: El-Sayed, E.R., Mousa, S.A., Strza\u0142a, T., Boraty\u0144ski F. Enhancing bioprocessing of red pigment from immobilized culture of gamma rays mutant of the endophytic fungus Monascus ruber SRZ112. Journal of Biological Engineering 18, 44 (2024). https:\/\/doi.org\/10.1186\/s13036-024-00439-y El-Sayed, E.R., El\u2011Sayyad, G.S., Abdel\u2011Fatah, S.S., El\u2011Batal, A.I., Boraty\u0144ski F. Novel nanoconjugates of metal oxides and &hellip;<\/p>\n<p class=\"read-more\"> <a class=\"\" href=\"https:\/\/bioexplor.eu\/index.php\/contact\/\"> <span class=\"screen-reader-text\">Publications<\/span> Read More &raquo;<\/a><\/p>\n","protected":false},"author":1,"featured_media":0,"parent":0,"menu_order":0,"comment_status":"closed","ping_status":"closed","template":"","meta":{"site-sidebar-layout":"no-sidebar","site-content-layout":"page-builder","ast-global-header-display":"","ast-main-header-display":"","ast-hfb-above-header-display":"","ast-hfb-below-header-display":"","ast-hfb-mobile-header-display":"","site-post-title":"disabled","ast-breadcrumbs-content":"","ast-featured-img":"disabled","footer-sml-layout":"","theme-transparent-header-meta":"enabled","adv-header-id-meta":"","stick-header-meta":"","header-above-stick-meta":"","header-main-stick-meta":"","header-below-stick-meta":"","footnotes":""},"class_list":["post-16","page","type-page","status-publish","hentry"],"_links":{"self":[{"href":"https:\/\/bioexplor.eu\/index.php\/wp-json\/wp\/v2\/pages\/16","targetHints":{"allow":["GET"]}}],"collection":[{"href":"https:\/\/bioexplor.eu\/index.php\/wp-json\/wp\/v2\/pages"}],"about":[{"href":"https:\/\/bioexplor.eu\/index.php\/wp-json\/wp\/v2\/types\/page"}],"author":[{"embeddable":true,"href":"https:\/\/bioexplor.eu\/index.php\/wp-json\/wp\/v2\/users\/1"}],"replies":[{"embeddable":true,"href":"https:\/\/bioexplor.eu\/index.php\/wp-json\/wp\/v2\/comments?post=16"}],"version-history":[{"count":233,"href":"https:\/\/bioexplor.eu\/index.php\/wp-json\/wp\/v2\/pages\/16\/revisions"}],"predecessor-version":[{"id":3081,"href":"https:\/\/bioexplor.eu\/index.php\/wp-json\/wp\/v2\/pages\/16\/revisions\/3081"}],"wp:attachment":[{"href":"https:\/\/bioexplor.eu\/index.php\/wp-json\/wp\/v2\/media?parent=16"}],"curies":[{"name":"wp","href":"https:\/\/api.w.org\/{rel}","templated":true}]}}